{"id":7554,"date":"2023-01-04T06:16:40","date_gmt":"2023-01-04T06:16:40","guid":{"rendered":"https:\/\/www.lagardecodegua.cl\/es\/?post_type=product&#038;p=7554"},"modified":"2026-03-07T20:54:18","modified_gmt":"2026-03-07T20:54:18","slug":"tudor-2019","status":"publish","type":"product","link":"https:\/\/www.lagardecodegua.cl\/es\/index.php\/producto\/tudor-2019\/","title":{"rendered":"Tudor 2019"},"content":{"rendered":"<p>[et_pb_section fb_built=\u00bb1&#8243; _builder_version=\u00bb4.16&#8243; custom_padding=\u00bb0px||||false|false\u00bb global_colors_info=\u00bb{}\u00bb][et_pb_row _builder_version=\u00bb4.16&#8243; background_size=\u00bbinitial\u00bb background_position=\u00bbtop_left\u00bb background_repeat=\u00bbrepeat\u00bb width=\u00bb100%\u00bb custom_padding=\u00bb0px||0px||false|false\u00bb global_colors_info=\u00bb{}\u00bb][et_pb_column type=\u00bb4_4&#8243; _builder_version=\u00bb4.16&#8243; custom_padding=\u00bb|||\u00bb global_colors_info=\u00bb{}\u00bb custom_padding__hover=\u00bb|||\u00bb][et_pb_wc_breadcrumb _builder_version=\u00bb4.16&#8243; global_colors_info=\u00bb{}\u00bb][\/et_pb_wc_breadcrumb][et_pb_wc_cart_notice _builder_version=\u00bb4.16&#8243; global_colors_info=\u00bb{}\u00bb][\/et_pb_wc_cart_notice][\/et_pb_column][\/et_pb_row][et_pb_row column_structure=\u00bb1_2,1_2&#8243; _builder_version=\u00bb4.16&#8243; background_size=\u00bbinitial\u00bb background_position=\u00bbtop_left\u00bb background_repeat=\u00bbrepeat\u00bb width=\u00bb100%\u00bb custom_padding=\u00bb0px||||false|false\u00bb global_colors_info=\u00bb{}\u00bb][et_pb_column type=\u00bb1_2&#8243; _builder_version=\u00bb4.16&#8243; custom_padding=\u00bb|||\u00bb global_colors_info=\u00bb{}\u00bb custom_padding__hover=\u00bb|||\u00bb][et_pb_wc_images _builder_version=\u00bb4.16&#8243; global_colors_info=\u00bb{}\u00bb][\/et_pb_wc_images][\/et_pb_column][et_pb_column type=\u00bb1_2&#8243; _builder_version=\u00bb4.16&#8243; custom_padding=\u00bb|||\u00bb global_colors_info=\u00bb{}\u00bb custom_padding__hover=\u00bb|||\u00bb][et_pb_wc_title _builder_version=\u00bb4.16&#8243; global_colors_info=\u00bb{}\u00bb][\/et_pb_wc_title][et_pb_wc_rating _builder_version=\u00bb4.16&#8243; global_colors_info=\u00bb{}\u00bb][\/et_pb_wc_rating][et_pb_wc_price _builder_version=\u00bb4.16&#8243; global_colors_info=\u00bb{}\u00bb][\/et_pb_wc_price][et_pb_wc_description _builder_version=\u00bb4.16&#8243; global_colors_info=\u00bb{}\u00bb][\/et_pb_wc_description][et_pb_wc_add_to_cart _builder_version=\u00bb4.16&#8243; global_colors_info=\u00bb{}\u00bb][\/et_pb_wc_add_to_cart][et_pb_wc_meta _builder_version=\u00bb4.16&#8243; global_colors_info=\u00bb{}\u00bb][\/et_pb_wc_meta][\/et_pb_column][\/et_pb_row][et_pb_row _builder_version=\u00bb4.16&#8243; background_size=\u00bbinitial\u00bb background_position=\u00bbtop_left\u00bb background_repeat=\u00bbrepeat\u00bb width=\u00bb100%\u00bb global_colors_info=\u00bb{}\u00bb][et_pb_column type=\u00bb4_4&#8243; _builder_version=\u00bb4.16&#8243; custom_padding=\u00bb|||\u00bb global_colors_info=\u00bb{}\u00bb custom_padding__hover=\u00bb|||\u00bb][et_pb_wc_tabs _builder_version=\u00bb4.16&#8243; global_colors_info=\u00bb{}\u00bb]\t\t\t\t\t[\/et_pb_wc_tabs][et_pb_wc_upsells _builder_version=\u00bb4.16&#8243; global_colors_info=\u00bb{}\u00bb][\/et_pb_wc_upsells][et_pb_wc_related_products _builder_version=\u00bb4.16&#8243; global_colors_info=\u00bb{}\u00bb][\/et_pb_wc_related_products][\/et_pb_column][\/et_pb_row][\/et_pb_section]<\/p>\n","protected":false},"excerpt":{"rendered":"<p>Precio referencial: $36.860<\/p>\n<p><strong>NOTAS DE CATA<\/strong><br \/>\nEl color es un rub\u00ed profundo con matices rojizas. En nariz encontramos notas de ar\u00e1ndanos, chocolate negro, carne y especies picantes. En boca se siente una potencia y taninos polvorientos muy caracter\u00edsticos de nuestro terroir con un final afrutado, fresco y largo.<\/p>\n<p>&nbsp;<\/p>\n<table class=\"table table-sm table-borderless\" style=\"width: 578px;\">\n<tbody>\n<tr>\n<th style=\"width: 103.15px;\">Variedad<\/th>\n<td style=\"width: 461.25px;\">100% Cabernet Sauvignon<\/td>\n<\/tr>\n<tr>\n<th style=\"width: 103.15px;\">ALC %<\/th>\n<td style=\"width: 461.25px;\">14 \u00b0GL<\/td>\n<\/tr>\n<tr>\n<th style=\"width: 103.15px;\">Origen<\/th>\n<td style=\"width: 461.25px;\">Valle Cachapoal<\/td>\n<\/tr>\n<tr>\n<th style=\"width: 103.15px;\">Producci\u00f3n<\/th>\n<td style=\"width: 461.25px;\">3.000 botellas aprox.<\/td>\n<\/tr>\n<tr>\n<th style=\"width: 103.15px;\"><\/th>\n<td style=\"width: 461.25px;\"><\/td>\n<\/tr>\n<\/tbody>\n<\/table>\n","protected":false},"featured_media":10869,"template":"","meta":{"_et_pb_use_builder":"on","_et_pb_old_content":"","_et_gb_content_width":""},"product_brand":[],"product_cat":[38],"product_tag":[],"class_list":{"0":"post-7554","1":"product","2":"type-product","3":"status-publish","4":"has-post-thumbnail","6":"product_cat-serie-lagar","8":"first","9":"instock","10":"sale","11":"purchasable","12":"product-type-simple"},"_links":{"self":[{"href":"https:\/\/www.lagardecodegua.cl\/es\/index.php\/wp-json\/wp\/v2\/product\/7554","targetHints":{"allow":["GET"]}}],"collection":[{"href":"https:\/\/www.lagardecodegua.cl\/es\/index.php\/wp-json\/wp\/v2\/product"}],"about":[{"href":"https:\/\/www.lagardecodegua.cl\/es\/index.php\/wp-json\/wp\/v2\/types\/product"}],"wp:featuredmedia":[{"embeddable":true,"href":"https:\/\/www.lagardecodegua.cl\/es\/index.php\/wp-json\/wp\/v2\/media\/10869"}],"wp:attachment":[{"href":"https:\/\/www.lagardecodegua.cl\/es\/index.php\/wp-json\/wp\/v2\/media?parent=7554"}],"wp:term":[{"taxonomy":"product_brand","embeddable":true,"href":"https:\/\/www.lagardecodegua.cl\/es\/index.php\/wp-json\/wp\/v2\/product_brand?post=7554"},{"taxonomy":"product_cat","embeddable":true,"href":"https:\/\/www.lagardecodegua.cl\/es\/index.php\/wp-json\/wp\/v2\/product_cat?post=7554"},{"taxonomy":"product_tag","embeddable":true,"href":"https:\/\/www.lagardecodegua.cl\/es\/index.php\/wp-json\/wp\/v2\/product_tag?post=7554"}],"curies":[{"name":"wp","href":"https:\/\/api.w.org\/{rel}","templated":true}]}}

<p>Precio referencial: $36.860</p>
<p><strong>NOTAS DE CATA</strong><br />
El color es un rubí profundo con matices rojizas. En nariz encontramos notas de arándanos, chocolate negro, carne y especies picantes. En boca se siente una potencia y taninos polvorientos muy característicos de nuestro terroir con un final afrutado, fresco y largo.</p>
<p>&nbsp;</p>
<table class="table table-sm table-borderless" style="width: 578px;">
<tbody>
<tr>
<th style="width: 103.15px;">Variedad</th>
<td style="width: 461.25px;">100% Cabernet Sauvignon</td>
</tr>
<tr>
<th style="width: 103.15px;">ALC %</th>
<td style="width: 461.25px;">14 °GL</td>
</tr>
<tr>
<th style="width: 103.15px;">Origen</th>
<td style="width: 461.25px;">Valle Cachapoal</td>
</tr>
<tr>
<th style="width: 103.15px;">Producción</th>
<td style="width: 461.25px;">3.000 botellas aprox.</td>
</tr>
<tr>
<th style="width: 103.15px;"></th>
<td style="width: 461.25px;"></td>
</tr>
</tbody>
</table>
